 of 1 and 2.
1
Calculate the greatest common factor of 16 and 2664.
8
What is the greatest common divisor of 36 and 16272?
36
Calculate the highest common factor of 10 and 90.
10
Calculate the highest common factor of 7672 and 336.
56
What is the highest common factor of 203 and 4553?
29
Calculate the greatest common divisor of 88 and 22.
22
What is the highest common divisor of 34 and 1394?
34
What is the greatest common divisor of 27 and 13?
1
What is the greatest common factor of 26 and 494?
26
What is the highest common factor of 18 and 2454?
6
Calculate the highest common divisor of 63888 and 44.
44
Calculate the highest common factor of 16 and 4.
4
What is the highest common factor of 64 and 56?
8
Calculate the greatest common divisor of 352 and 66.
22
Calculate the highest common factor of 3002 and 38.
38
What is the highest common factor of 18 and 243?
9
What is the greatest common factor of 87 and 6?
3
What is the highest common divisor of 5989 and 339?
113
Calculate the highest common factor of 234 and 1152.
18
Calculate the highest common divisor of 3068 and 52.
52
What is the greatest common divisor of 12 and 4650?
6
What is the greatest common factor of 33 and 1419?
33
Calculate the greatest common divisor of 18690 and 210.
210
What is the highest common divisor of 155 and 50?
5
Calculate the highest common divisor of 9 and 4563.
9
Calculate the greatest common divisor of 221 and 52.
13
Calculate the highest common divisor of 7 and 3.
1
Calculate the highest common divisor of 14137 and 211.
211
What is the highest common divisor of 46 and 598?
46
What is the highest common factor of 12736 and 704?
64
Calculate the highest common factor of 33 and 1056.
33
Calculate the greatest common divisor of 6 and 81.
3
Calculate the greatest common divisor of 3128 and 1700.
68
Calculate the greatest common factor of 371 and 159.
53
What is the greatest common factor of 96 and 3?
3
What is the highest common factor of 22250 and 25?
25
Calculate the highest common divisor of 4732 and 28.
28
What is the highest common factor of 14 and 574?
14
What is the highest common divisor of 260 and 104?
52
What is the highest common divisor of 1591 and 148?
37
What is the greatest common divisor of 931 and 245?
49
What is the greatest common factor of 250 and 650?
50
What is the highest common divisor of 4865 and 105?
35
Calculate the greatest common divisor of 4 and 2228.
4
Calculate the greatest common factor of 252 and 72.
36
Calculate the greatest common divisor of 361 and 2641.
19
What is the highest common factor of 36 and 76?
4
Calculate the highest common divisor of 182 and 42.
14
What is the highest common divisor of 425 and 85?
85
What is the highest common factor of 2925 and 630?
45
Calculate the greatest common divisor of 32 and 4.
4
What is the greatest common divisor of 38 and 14?
2
What is the greatest common divisor of 555 and 60?
15
Calculate the greatest common divisor of 100 and 125.
25
Calculate the highest common divisor of 667 and 23.
23
Calculate the greatest common factor of 20 and 45460.
20
What is the highest common factor of 28 and 476?
28
What is the greatest common factor of 46 and 9062?
46
Calculate the greatest common factor of 63 and 581.
7
Calculate the highest common factor of 108 and 234.
18
What is the greatest common factor of 47 and 13?
1
Calculate the highest common divisor of 45 and 1440.
45
What is the greatest common divisor of 865 and 20?
5
What is the greatest common divisor of 261 and 9?
9
Calculate the greatest common divisor of 60 and 288.
12
Calculate the greatest common factor of 3 and 1047.
3
What is the highest common factor of 1159 and 671?
61
Calculate the highest common factor of 949 and 2117.
73
Calculate the greatest common factor of 899 and 31.
31
What is the greatest common divisor of 20564 and 212?
212
Calculate the greatest common divisor of 215 and 695.
5
What is the greatest common divisor of 4634 and 14?
14
What is the highest common divisor of 13620 and 180?
60
Calculate the greatest common factor of 1088 and 128.
64
Calculate the highest common divisor of 2109 and 111.
111
What is the greatest common divisor of 851 and 46?
23
What is the greatest common factor of 3841 and 23?
23
What is the highest common factor of 975 and 12?
3
What is the highest common factor of 44 and 110?
22
What is the highest common divisor of 4015 and 165?
55
What is the highest common factor of 11 and 15719?
11
Calculate the greatest common divisor of 551 and 145.
29
What is the highest common divisor of 9680 and 8?
8
Calculate the highest common factor of 534 and 128.
2
What is the highest common factor of 126 and 2250?
18
Calculate the highest common factor of 375 and 9625.
125
What is the greatest common divisor of 12 and 492?
12
Calculate the greatest common divisor of 180 and 18.
18
Calculate the greatest common divisor of 504 and 441.
63
What is the greatest common divisor of 5 and 215?
5
What is the greatest common factor of 42 and 413?
7
Calculate the greatest common divisor of 33 and 1617.
33
What is the highest common factor of 105 and 1365?
105
Calculate the highest common divisor of 90 and 750.
30
What is the highest common factor of 36 and 477?
9
Calculate the highest common divisor of 8010 and 90.
90
What is the highest common factor of 44 and 44?
44
What is the highest common factor of 28 and 532?
28
Calculate the highest common factor of 410 and 164.
82
What is the highest common factor of 14 and 133?
7
Calculate the highest common divisor of 8755 and 721.
103
What is the highest common factor of 513 and 114?
57
Calculate the highest common divisor of 20698 and 786.
262
Calculate the greatest common factor of 12 and 19134.
6
What is the greatest common factor of 760 and 2360?
40
What is the greatest common factor of 440 and 40?
40
Calculate the highest common factor of 36 and 68.
4
What is the highest common divisor of 350 and 70?
70
Calculate the highest common divisor of 292 and 103660.
292
Calculate the greatest common divisor of 3263 and 7279.
251
What is the greatest common divisor of 2314 and 178?
178
What is the greatest common factor of 89 and 17355?
89
What is the highest common divisor of 64 and 8?
8
Calculate the greatest common factor of 216 and 8.
8
What is the highest common factor of 30 and 200?
10
Calculate the greatest common divisor of 159 and 23691.
159
Calculate the highest common divisor of 1160 and 680.
40
Calculate the greatest common divisor of 1333 and 31.
31
What is the greatest common divisor of 54 and 72?
18
What is the greatest common divisor of 95 and 76?
19
Calculate the highest common factor of 180 and 612.
36
Calculate the greatest common factor of 25800 and 80.
40
What is the greatest common divisor of 703 and 19?
19
Calculate the highest common factor of 33 and 363.
33
What is the highest common divisor of 4697 and 385?
77
Calculate the greatest common factor of 64 and 472.
8
Calculate the highest common factor of 261 and 58.
29
What is the highest common divisor of 3 and 1?
1
Calculate the greatest common divisor of 38387 and 23.
23
Calculate the greatest common factor of 46 and 51451.
23
What is the highest common divisor of 808 and 8?
8
What is the highest common factor of 561 and 408?
51
Calculate the greatest common divisor of 114 and 190.
38
What is the greatest common factor of 150 and 200?
50
Calculate the highest common divisor of 729 and 9.
9
Calculate the greatest common factor of 728 and 156.
52
Calculate the greatest common divisor of 2247 and 63.
21
What is the highest common factor of 1149 and 25661?
383
Calculate the greatest common factor of 23022 and 18.
18
Calculate the greatest common divisor of 314 and 4.
2
What is the greatest common factor of 690 and 180?
30
Calculate the highest common divisor of 26 and 52.
26
What is the greatest common divisor of 284 and 213?
71
What is the greatest common divisor of 1190 and 10?
10
Calculate the greatest common divisor of 1 and 61.
1
What is the highest common divisor of 5121 and 9?
9
What is the highest common factor of 89 and 25?
1
Calculate the greatest common factor of 256 and 1984.
64
What is the highest common divisor of 596 and 8?
4
Calculate the highest common factor of 54 and 2511.
27
What is t